lculate the greatest common divisor of 5695 and 670.
335
Calculate the highest common factor of 185 and 2701.
37
Calculate the highest common factor of 104 and 1274.
26
Calculate the highest common divisor of 110 and 715.
55
Calculate the greatest common divisor of 234 and 1742.
26
Calculate the greatest common factor of 29 and 58.
29
Calculate the highest common divisor of 29 and 319.
29
What is the greatest common factor of 96 and 24?
24
What is the greatest common factor of 125 and 25?
25
Calculate the greatest common divisor of 1272 and 1431.
159
Calculate the highest common factor of 2948 and 572.
44
Calculate the highest common divisor of 583 and 77.
11
Calculate the greatest common divisor of 155 and 93.
31
Calculate the greatest common factor of 3 and 3.
3
Calculate the highest common factor of 18 and 7767.
9
What is the greatest common divisor of 30 and 15?
15
Calculate the greatest common divisor of 50 and 1975.
25
What is the greatest common divisor of 48 and 5400?
24
Calculate the highest common divisor of 364 and 1300.
52
Calculate the greatest common factor of 85 and 119.
17
Calculate the highest common divisor of 240 and 540.
60
What is the highest common divisor of 4 and 34?
2
Calculate the greatest common factor of 15 and 6.
3
Calculate the greatest common factor of 12 and 54324.
12
What is the greatest common divisor of 18 and 558?
18
Calculate the highest common divisor of 20777 and 263.
263
What is the greatest common divisor of 15 and 305?
5
What is the greatest common divisor of 552 and 48?
24
What is the highest common divisor of 17 and 10829?
17
What is the highest common divisor of 35 and 2905?
35
Calculate the highest common factor of 259 and 7.
7
What is the highest common factor of 108 and 24?
12
What is the greatest common divisor of 456 and 1048?
8
What is the highest common divisor of 52 and 140?
4
Calculate the greatest common divisor of 44 and 847.
11
What is the highest common factor of 7 and 133?
7
Calculate the highest common divisor of 1428 and 9588.
204
Calculate the highest common divisor of 284 and 4.
4
Calculate the greatest common factor of 658 and 28.
14
What is the greatest common divisor of 520 and 936?
104
Calculate the greatest common factor of 2225 and 25.
25
Calculate the highest common divisor of 4565 and 83.
83
Calculate the greatest common factor of 30355 and 65.
65
Calculate the highest common factor of 57 and 152.
19
What is the greatest common divisor of 2 and 9?
1
What is the greatest common divisor of 2527 and 28?
7
What is the greatest common divisor of 145 and 20?
5
What is the highest common factor of 273 and 21?
21
Calculate the highest common divisor of 60 and 9564.
12
Calculate the greatest common factor of 535 and 642.
107
What is the highest common divisor of 4402 and 62?
62
What is the highest common divisor of 124 and 310?
62
What is the greatest common divisor of 3047 and 33?
11
What is the greatest common factor of 244 and 13786?
122
Calculate the highest common factor of 22 and 6.
2
Calculate the greatest common divisor of 5472 and 988.
76
Calculate the greatest common divisor of 78 and 16536.
78
Calculate the greatest common divisor of 2329 and 221.
17
Calculate the highest common divisor of 20 and 60.
20
What is the greatest common divisor of 150 and 1875?
75
Calculate the greatest common factor of 10 and 44570.
10
Calculate the highest common factor of 99 and 187.
11
Calculate the highest common divisor of 38 and 760.
38
What is the greatest common divisor of 121 and 22?
11
Calculate the greatest common factor of 466 and 2.
2
Calculate the highest common divisor of 248 and 5208.
248
What is the highest common divisor of 3705 and 1425?
285
Calculate the greatest common divisor of 128 and 10.
2
What is the highest common factor of 30 and 525?
15
What is the greatest common factor of 234 and 286?
26
What is the highest common divisor of 25 and 80?
5
What is the highest common factor of 117 and 17667?
117
What is the greatest common divisor of 21 and 10311?
21
Calculate the greatest common divisor of 16 and 56.
8
Calculate the greatest common divisor of 192 and 120.
24
What is the highest common divisor of 36 and 8?
4
Calculate the highest common divisor of 165 and 2365.
55
Calculate the greatest common factor of 1573 and 363.
121
Calculate the greatest common divisor of 59 and 19.
1
Calculate the greatest common divisor of 6 and 5619.
3
What is the highest common divisor of 2745 and 90?
45
What is the highest common factor of 7801 and 87?
29
Calculate the highest common factor of 134 and 335.
67
What is the highest common divisor of 1025 and 25?
25
Calculate the greatest common factor of 224 and 133.
7
What is the greatest common divisor of 854 and 966?
14
What is the greatest common divisor of 249 and 10292?
83
What is the greatest common divisor of 493 and 87?
29
Calculate the greatest common factor of 56 and 924.
28
Calculate the greatest common factor of 252 and 462.
42
Calculate the greatest common divisor of 2080 and 32.
32
Calculate the highest common factor of 490 and 784.
98
What is the greatest common divisor of 21 and 259?
7
Calculate the highest common divisor of 14 and 6818.
14
Calculate the highest common factor of 153 and 204.
51
Calculate the highest common factor of 4002 and 9.
3
Calculate the greatest common factor of 90 and 2430.
90
What is the highest common divisor of 100 and 10?
10
What is the greatest common factor of 24 and 11?
1
What is the greatest common factor of 84 and 1344?
84
What is the highest common divisor of 12 and 12?
12
What is the greatest common divisor of 209 and 803?
11
Calculate the highest common factor of 56 and 6.
2
What is the greatest common divisor of 646 and 19?
19
What is the greatest common divisor of 30 and 96?
6
Calculate the greatest common factor of 266 and 364.
14
What is the highest common factor of 72 and 342?
18
What is the highest common divisor of 260 and 15?
5
What is the highest common divisor of 2220 and 300?
60
What is the highest common factor of 24605 and 555?
185
What is the highest common factor of 208 and 896?
16
What is the highest common factor of 1464 and 32?
8
What is the highest common divisor of 8 and 6056?
8
What is the highest common divisor of 1533 and 21?
21
Calculate the greatest common factor of 450 and 230.
10
What is the highest common divisor of 1068 and 36?
12
Calculate the highest common divisor of 196 and 245.
49
What is the highest common divisor of 544 and 16?
16
What is the highest common divisor of 78 and 169?
13
Calculate the highest common divisor of 360 and 105.
15
Calculate the highest common divisor of 60 and 1290.
30
Calculate the greatest common divisor of 32 and 36.
4
What is the highest common factor of 445 and 15?
5
What is the highest common divisor of 2263 and 219?
73
Calculate the highest common factor of 60 and 150.
30
What is the greatest common factor of 116 and 4?
4
What is the highest common divisor of 294 and 84?
42
What is the highest common factor of 2369 and 299?
23
Calculate the highest common factor of 17 and 88995.
17
What is the highest common divisor of 4 and 26540?
4
Calculate the greatest common divisor of 59 and 41772.
59
What is the highest common divisor of 12 and 1812?
12
What is the highest common factor of 68 and 16?
4
Calculate the greatest common divisor of 6 and 69.
3
Calculate the greatest common factor of 48 and 264.
24
Calculate the highest common factor of 539 and 98.
49
What is the greatest common divisor of 324 and 117?
9
What is the highest common divisor of 58 and 104?
2
What is the highest common divisor of 38981 and 17?
17
What is the greatest common divisor of 5 and 1?
1
What is the highest common factor of 45 and 8565?
15
Calculate the greatest common factor of 38 and 3952.
38
What is the highest common divisor of 4 and 43?
1
Calculate the highest common divisor of 45 and 234.
9
What is the highest common divisor of 171 and 171?
171
Calculate the greatest common divisor of 64 and 48.
16
What is the greatest common factor of 11 and 4?
1
Calculate the highest common divisor of 793 and 3050.
61
What is the greatest common divisor of 203 and 1595?
29
Calculate the greatest common divisor of 60 and 3615.
15
Calculate the greatest comm